ctor of 539505?
False
Is 614 a factor of 127413?
False
Is 407 a factor of 1249991?
False
Is 233 a factor of 160770?
True
Does 47 divide 15670397?
False
Does 136 divide 6734176?
True
Does 87 divide 450265?
False
Is 544978 a multiple of 581?
True
Does 14 divide 8884436?
False
Is 43 a factor of 42355?
True
Is 947464 a multiple of 385?
False
Does 19 divide 473765?
True
Does 2 divide 33190?
True
Is 90 a factor of 19337754?
False
Does 65 divide 2564037?
False
Is 1811964 a multiple of 106?
True
Does 11 divide 118513?
False
Does 5 divide 944995?
True
Does 51 divide 1732317?
True
Is 7 a factor of 2211329?
False
Is 46 a factor of 96650?
False
Is 4122730 a multiple of 76?
False
Is 47 a factor of 732354?
True
Is 9456206 a multiple of 6?
False
Is 479295 a multiple of 15?
True
Does 98 divide 739925?
False
Does 25 divide 1389212?
False
Is 107 a factor of 1372342?
False
Does 85 divide 1117410?
True
Is 26 a factor of 99086?
True
Is 15 a factor of 33855?
True
Is 47 a factor of 545858?
True
Does 54 divide 4039965?
False
Is 410212 a multiple of 20?
False
Is 420785 a multiple of 115?
True
Is 1893128 a multiple of 125?
False
Is 5 a factor of 188680?
True
Is 19 a factor of 288786?
False
Is 243 a factor of 17372937?
False
Is 1495793 a multiple of 9?
False
Does 8 divide 575677?
False
Is 739796 a multiple of 4?
True
Does 765 divide 7516890?
True
Is 56189 a multiple of 5?
False
Is 1636478 a multiple of 369?
False
Is 250 a factor of 8679250?
True
Is 3794315 a multiple of 833?
True
Does 165 divide 62222?
False
Is 543 a factor of 6848316?
True
Is 74637 a multiple of 3?
True
Is 3131130 a multiple of 290?
True
Is 11646921 a multiple of 187?
True
Is 30 a factor of 155250?
True
Is 203664 a multiple of 305?
False
Is 15 a factor of 118861?
False
Does 146 divide 2920?
True
Is 25536 a multiple of 48?
True
Is 1777976 a multiple of 1224?
False
Is 1336808 a multiple of 24?
False
Does 7 divide 1093302?
True
Is 14 a factor of 1106378?
True
Does 16 divide 2047130?
False
Does 17 divide 45203?
True
Is 31 a factor of 6825146?
True
Is 120759 a multiple of 60?
False
Is 141882 a multiple of 37?
False
Is 571728 a multiple of 4?
True
Does 15 divide 231357?
False
Does 74 divide 472662?
False
Is 145 a factor of 5802800?
False
Does 8 divide 9463381?
False
Is 413170 a multiple of 395?
True
Is 640 a factor of 6799360?
True
Is 1464100 a multiple of 6?
False
Does 6 divide 429?
False
Does 605 divide 1136489?
False
Does 8 divide 1524457?
False
Does 21 divide 489208?
False
Does 22 divide 50248?
True
Does 151 divide 195545?
True
Does 8 divide 153752?
True
Is 2279848 a multiple of 212?
True
Does 11 divide 20053?
True
Does 28 divide 874947?
False
Is 636 a factor of 436932?
True
Is 34096 a multiple of 8?
True
Is 1168672 a multiple of 418?
False
Is 91 a factor of 1755936?
True
Is 281 a factor of 479630?
False
Is 806 a factor of 945438?
True
Is 35 a factor of 12600?
True
Does 74 divide 373552?
True
Does 12 divide 99862?
False
Is 83 a factor of 32287?
True
Is 14 a factor of 1137164?
True
Is 789716 a multiple of 38?
True
Is 2432813 a multiple of 32?
False
Is 739935 a multiple of 81?
True
Is 58 a factor of 48840?
False
Does 334 divide 320241?
False
Does 15 divide 3378000?
True
Does 251 divide 2699410?
False
Is 627470 a multiple of 10?
True
Is 187329 a multiple of 52?
False
Is 143886 a multiple of 10?
False
Does 35 divide 2022790?
True
Is 1085 a factor of 7471310?
True
Does 13 divide 152854?
True
Is 5 a factor of 1027080?
True
Is 76 a factor of 24843?
False
Does 145 divide 46728?
False
Does 126 divide 85932?
True
Is 453696 a multiple of 17?
True
Does 40 divide 1318320?
True
Does 141 divide 35955?
True
Does 287 divide 1293141?
False
Does 10 divide 14700?
True
Is 2965620 a multiple of 345?
True
Is 593 a factor of 1140595?
False
Does 207 divide 242190?
True
Is 31348 a multiple of 27?
False
Is 10766 a multiple of 53?
False
Does 2 divide 306710?
True
Is 1579124 a multiple of 211?
True
Is 59 a factor of 1574592?
True
Is 15520932 a multiple of 102?
True
Does 64 divide 1150220?
False
Does 21 divide 164640?
True
Is 530 a factor of 1758431?
False
Is 2068866 a multiple of 51?
True
Is 18 a factor of 821412?
True
Is 83 a factor of 10142510?
False
Does 17 divide 2423257?
False
Does 21 divide 11249684?
False
Is 103802 a multiple of 43?
True
Is 7346889 a multiple of 786?
False
Does 211 divide 115259?
False
Is 308477 a multiple of 141?
False
Is 55 a factor of 138563?
False
Is 11 a factor of 171149?
True
Does 67 divide 486219?
True
Is 8275 a multiple of 2?
False
Is 76470 a multiple of 6?
True
Is 9 a factor of 16671?
False
Does 4 divide 10210?
False
Does 3 divide 9501?
True
Is 3540510 a multiple of 405?
True
Is 29 a factor of 177335?
True
Does 60 divide 94730?
False
Is 9 a factor of 83326?
False
Is 42 a factor of 92568?
True
Is 29830 a multiple of 11?
False
Is 9 a factor of 16431?
False
Is 2387188 a multiple of 86?
True
Does 22 divide 3683724?
True
Does 378 divide 855134?
False
Is 149700 even?
True
Is 1067520 a multiple of 278?
True
Is 35 a factor of 7834470?
True
Is 321048 a multiple of 42?
True
Is 63 a factor of 5691443?
False
Is 38 a factor of 37217?
False
Is 5913 a multiple of 30?
False
Is 471 a factor of 173558?
False
Does 58 divide 470047?
False
Is 3972212 a multiple of 1059?
False
Is 9758 a multiple of 16?
False
Is 8470 even?
True
Is 3236316 a multiple of 12?
True
Does 9 divide 99581?
False
Is 470 a factor of 526870?
True
Is 37 a factor of 437947?
False
Does 5 divide 684315?
True
Is 4 a factor of 51788?
True
Is 14 a factor of 87878?
True
Is 735405 a multiple of 15?
True
Does 210 divide 560910?
True
Is 1909412 a multiple of 5?
False
Is 856 a factor of 2871024?
True
Is 91790 a multiple of 10?
True
Is 699576 a multiple of 283?
True
Is 29 a factor of 188266?
False
Is 2189068 a multiple of 28?
True
Is 15136407 a multiple of 57?
True
Is 108 a factor of 2827468?
False
Is 416000 a multiple of 320?
True
Does 22 divide 904904?
True
Is 556 a factor of 103972?
True
Is 19 a factor of 48162?
False
Does 147 divide 3101553?
True
Does 26 divide 9603585?
False
Is 4 a factor of 412248?
True
Is 769 a factor of 3106760?
True
Is 10611170 a multiple of 940?
False
Does 6 divide 6089057?
False
Is 56240 a multiple of 74?
True
Is 2789700 a multiple of 1275?
True
Is 222 a factor of 306804?
True
Is 2927001 a multiple of 231?
True
Is 13005279 a multiple of 7?
True
Is 89 a factor of 330012?
True
Does 14 divide 934220?
True
Is 102 a factor of 9408854?
False
Is 120 a factor of 3892232?
False
Is 53 a factor of 1237868?
True
Is 407 a factor of 94028?
False
Does 244 divide 107351?
False
Does 33 divide 6992?
False
Is 605 a factor of 2421951?
False
Is 70547 a multiple of 19?
True
Is 1532 a factor of 2540056?
True
Is 208 a factor of 738231?
False
Is 777260 a multiple of 333?
False
Is 87220 a multiple of 89?
True
Is 317 a factor of 133451?
False
Is 8203800 a multiple of 66?
True
Is 595 a factor of 677110?
True
Is 4764 a multiple of 23?
False
Is 422652 a multiple of 28?
False
Is 53391 a multiple of 119?
False
Is 2 a factor of 216272?
True
Does 37 divide 2048579?
True
Is 16 a factor of 118656?
True
Is 18726572 a multiple of 25?
False
Is 2861848 a multiple of 11?
True
Does 34 divide 15061014?
True
Does 6 divide 459845?
False
Is 25152 a multiple of 12?
True
Does 1496 divide 8177953?
False
Is 5974991 a multiple of 944?
False
Is 46 a factor of 245042?
True
Is 16299774 a multiple of 77?
False
Is 790169 a multiple of 18?
False
Is 410922 a multiple of 6?
True
Is 22 a factor of 1212101?
False
Is 3 a factor of 16316?
False
Does 95 divide 1884800?
True
Is 62196 a multiple of 73?
True
Does 176 divide 2809069?
False
Does 46 divide 1372679?
False
Does 13 divide 1153110?
False
Is 4 a factor of 38418?
False
Is 16 a factor of 927215?
False
Does 108 divide 6652692?
True
Does 129 divide 548121?
True
Is 9286370 a multiple of 10?
True
Is 5 a factor of 47656?
False
Is 7672740 a multiple of 106?
False
Does 119 divide 3320100?
True
Is 330 a factor of 461340?
True
Does 54 divide 362610?
True
Does 251 divide 236675?
False
Is 226398 a multiple of 97?
True
Does 18 divide 227808?
True
Does 10 divide 47770?
True
Is 73 a factor of 134415?
False
Is 26 a factor of 2374216?
True
Is 539773 a multiple of 88?
False
Is 185461 a multiple of 191?
True
Does 3 divide 70131?
True
Is 59 a factor of 17416